{"id":350,"date":"2019-05-13T23:10:50","date_gmt":"2019-05-14T02:10:50","guid":{"rendered":"https:\/\/ciacafundo.com.br\/?page_id=350"},"modified":"2019-05-14T01:08:00","modified_gmt":"2019-05-14T04:08:00","slug":"nossos-espetaculos","status":"publish","type":"page","link":"https:\/\/ciacafundo.com.br\/index.php\/nossos-espetaculos\/","title":{"rendered":"Nossos Espet\u00e1culos"},"content":{"rendered":"\n<p>Ol\u00e1!  <\/p>\n\n\n\n<p>Sejam bem-vindos ao Menu de hist\u00f3rias da Cia Cafund\u00f3 \u2013 Contadores de Hist\u00f3rias. Aqui voc\u00ea poder\u00e1 n\u00e3o s\u00f3 conhecer um pouquinho do nosso repert\u00f3rio, bem como escolher quais hist\u00f3rias e brinquedos cantados quer levar para a sua festa. <\/p>\n\n\n\n<h2><strong><em>*Como funciona? *\ufeff<\/em><\/strong><\/h2>\n\n\n\n<p><br>\u00c9 bem simples! Voc\u00ea tem a op\u00e7\u00e3o de contratar at\u00e9 4 hist\u00f3rias do mesmo menu, ou seja, com a mesma tem\u00e1tica, ou 4 hist\u00f3rias com temas diferentes e de brinde leva um brinquedo cantado ou uma brincadeira. Ou se preferir, escolhe, dentre os assuntos apresentados, apenas o tema, que levaremos para a sua festa as mais belas hist\u00f3rias.<br>Segue o Menu:<\/p>\n\n\n\n<h2> <br><strong><em>Cl\u00e1ssicos Cafund\u00f3\ufeff<\/em><\/strong> <br><\/h2>\n\n\n\n<p>\u201cUm livro \u00e9 um brinquedo feito com letras. Ler \u00e9 brincar. \u201d (Rubens Alves)<br>A Cia Cafund\u00f3 tem o prazer de apresentar hist\u00f3rias encantadas e cantadas que ir\u00e3o te levar para uma viagem leve e alegre pelo mundo da imagina\u00e7\u00e3o. Venha conferir! Espet\u00e1culo recheado de m\u00fasicas e hist\u00f3rias que v\u00eam l\u00e1 do Cafund\u00f3, de uns tempos long\u00ednquos h\u00e1 mais ou menos uns 7 anos A.C que fala de uma tal festa que s\u00f3 podia ir bicho que voa. Depois passeia pelo encantado reino do amor, com a hist\u00f3ria de um sapato que miava e tamb\u00e9m de uma bruxa que queria muito se casar. Em seguida, vai parar num quintal bem divertido onde as coisas nasciam grandes, bem grandes!!! Tamb\u00e9m fala de uma menina que tinha medo de tudo e depois de tr\u00eas irm\u00e3os que decidiram crescer e sair de casa, mas que n\u00e3o contavam com alguns desafios. E ainda da hist\u00f3ria de dois amigos que nunca conseguem se encontrar, mas que resolvem tudo cantando.<\/p>\n\n\n\n<h2><strong><em>Hist\u00f3rias de arrepiar<\/em><\/strong><\/h2>\n\n\n\n<p>\u201cA noite acendeu as estrelas porque tinha medo da pr\u00f3pria escurid\u00e3o. \u201d (Mario Quintana)<br>E voc\u00ea, do que tem medo? A Cia Cafund\u00f3 relembra e conta hist\u00f3rias l\u00e1 do fundo do ba\u00fa que podem te arrepiar ou te fazer rir. N\u00e3o tenha medo de conferir!<br>Espet\u00e1culo recheado de m\u00fasicas e hist\u00f3rias que vem l\u00e1 do Cafund\u00f3 e que deixar\u00e1 muita gente de cabelo em p\u00e9. Tem a hist\u00f3ria de um homem que causa espanto com sua capa misteriosa; de uma bruxa que deseja devorar sete criancinhas; e de como \u00e9 uma noite num castelo mal-assombrado.<\/p>\n\n\n\n<h2><strong><em>Contos do cora\u00e7\u00e3o<\/em><\/strong><\/h2>\n\n\n\n<p>\u201cAmor \u00e9 um gostar que n\u00e3o diminui de um anivers\u00e1rio pro outro. \u201d (Adriana Falc\u00e3o)<br>E para quem gosta de um enredo de amor n\u00e3o muito convencional, vai se apaixonar ao ouvir a Cia Cafund\u00f3 contar hist\u00f3rias do cora\u00e7\u00e3o. <br>Espet\u00e1culo recheado de m\u00fasicas e hist\u00f3rias que vem l\u00e1 dos Cafund\u00f3s do cora\u00e7\u00e3o. Fala de um amor, aparentemente imposs\u00edvel, entre um sapo e uma pata; de uma paix\u00e3o divertida e musical que acontece na melhor idade; de uma mo\u00e7a que descobre que para amar algu\u00e9m, precisa primeiro se amar; e de uma bruxa que escolhe o seu amor.<\/p>\n\n\n\n<h2><strong><em>Hist\u00f3rias Regionais e Contos de lenga lenga<\/em><\/strong><\/h2>\n\n\n\n<p>\u201cIdeias todo mundo tem. Como \u00e9 que entram na cabe\u00e7a da gente? Entram porque a gente l\u00ea, observa, conversa, v\u00ea espet\u00e1culos. \u201d (Ruth Rocha)<br>O Brasil tem hist\u00f3rias e contos fant\u00e1sticos que v\u00eam l\u00e1 do Cafund\u00f3. Que tal ouvir hist\u00f3rias recheadas de interior e de um pouquinho de arenga\u00e7\u00e3o? Venha fazer essa viagem com a Cia Cafund\u00f3!<br>Espet\u00e1culo recheado de m\u00fasicas e hist\u00f3rias que vem l\u00e1 do Cafund\u00f3 e que vira uma lenga lenga. Ser\u00e1 que o boi vai finalmente chegar \u00e0 cozinha para fazer um bolo? E como ficar\u00e1 um menino que d\u00e1 tudo o que tem? E a velhinha conseguir\u00e1 terminar de fiar sem ser interrompida por moscas, aranhas, ratos e tudo o mais? <\/p>\n\n\n\n<h2><strong><em>Hist\u00f3rias Africanas<\/em><\/strong><\/h2>\n\n\n\n<p>\u201cEu sou porque n\u00f3s somos \u2013 Ubuntu.\u201d Palavra de origem Bemba, tribo que habita a Z\u00e2mbia, Tanz\u00e2nia e Congo. UBUNTU diz respeito \u00e0s qualidades que nos tornam verdadeiramente humanos e promovem abertura e disponibilidade para alcan\u00e7ar o outro em sua interioridade como a si mesmo. Se voc\u00ea n\u00e3o conhece Aya de Yopougon ou n\u00e3o faz ideia do que havia dentro do velho ba\u00fa, chegou a hora de saber um pouco mais sobre hist\u00f3rias africanas. Ubuntu!!!<br>Espet\u00e1culo recheado de m\u00fasicas e hist\u00f3rias que vem l\u00e1 do Cafund\u00f3 do outro lado do mar. Conta como o povo de um continente do lado de l\u00e1 do oceano formou e faz parte da hist\u00f3ria do povo do lado de c\u00e1. Conta como a galinha d\u00b4angola foi criada; e como um guerreiro enfrentou e derrotou uma bruxa dentu\u00e7a que tinha poderes m\u00e1gicos com seus grandes dent\u00f5es; e de como um menino curioso descobre um ba\u00fa escondido de sua av\u00f3 e pede que ela conte o que tem dentro dele;<\/p>\n\n\n\n<h2><strong><em>Hist\u00f3rias do outro lado do mundo<\/em><\/strong><\/h2>\n\n\n\n<p>\u201cUm leitor vive mil vidas antes de morrer. O homem que nunca l\u00ea s\u00f3 vive apenas uma. \u201d (George R. R. Martin)<br>Espet\u00e1culo recheado de m\u00fasicas e hist\u00f3rias que vem l\u00e1 do Cafund\u00f3 do outro lado do mundo. Conta como uma velhinha feiticeira fazia m\u00e1gica com seu macarr\u00e3o e de como um cachorro se transformava em um homem elegante.<\/p>\n\n\n\n<h2><strong><em>Contos Nordestinos<\/em><\/strong><\/h2>\n\n\n\n<p>\u201cO sert\u00e3o \u00e9 do tamanho do mundo. O sert\u00e3o \u00e9 dentro da gente. \u201d (Guimar\u00e3es Rosa)<br> Cada povo tem sua riqueza e seu modo de falar e de viver. A Cia Cafund\u00f3 n\u00e3o poderia deixar de falar, nem que seja um bucadinho, de uma gente t\u00e3o arretada e medonha de forte. Ficou com vontade de ouvir as hist\u00f3rias dos recantos nordestinos? Ent\u00e3o, se aprochegue!<br>Espet\u00e1culo recheado de m\u00fasicas e hist\u00f3rias que vem l\u00e1 do Cafund\u00f3 de nosso pa\u00eds e que narra como um povo pode ser forte como \u00e9 forte o seu ch\u00e3o. Conta como um homem que n\u00e3o quer morrer d\u00e1 um jeitinho de se livrar da morte; e como um desejo de gr\u00e1vida d\u00e1 origem a uma festa bel\u00edssima celebrada at\u00e9 os dias de hoje; e como um homem e seu bando s\u00e3o lembrados com honra pelo povo que bem conheceu sua hist\u00f3ria. <\/p>\n\n\n\n<h2>Hist\u00f3rias Ind\u00edgenas <\/h2>\n\n\n\n<p>\u201cQuando o portugu\u00eas chegou debaixo duma bruta chuva, vestiu o \u00edndio. Que pena!<br>Fosse uma manh\u00e3 de sol, o \u00edndio tinha despido o portugu\u00eas. \u201d (Oswald de Andrade) &#8211; Tupinamb\u00e1s. Ticunas. Patax\u00f3s. Caraj\u00e1s\u2026 que tal conhecer a hist\u00f3ria de tantos povos viventes em nosso pa\u00eds e seus parentes? Entre com a Cia Cafund\u00f3 nessa tribo feita s\u00f3 para voc\u00ea e aproveite!<br>Espet\u00e1culo recheado de m\u00fasicas e hist\u00f3rias que vem l\u00e1 do Cafund\u00f3 e de todos os lugares do mundo. Vem de povos origin\u00e1rios e da imagina\u00e7\u00e3o de outros povos. Conta a hist\u00f3ria de como surgiram as estrelas e a mandioca e mostra como algumas brincadeiras podem n\u00e3o s\u00f3 divertir, mas tamb\u00e9m ensinar.<\/p>\n\n\n\n<h2><strong><em>Contos de Acumula\u00e7\u00e3o<\/em><\/strong><\/h2>\n\n\n\n<p>\u201c\u00c9 que eu tamb\u00e9m sou inventora, inventando todo dia um jeito novo de viver. \u201d (Ana Maria Machado)<br>Esses s\u00e3o para quem tem boa mem\u00f3ria ou para quem deseja ter. Ser\u00e1 que voc\u00ea consegue gravar muitas palavras seguidas? Que tal aceitar o desafio da Cia Cafund\u00f3?  <\/p>\n\n\n\n<h2><strong><em>Hist\u00f3rias Regionais<\/em><\/strong><\/h2>\n\n\n\n<p>\u201cLivro tem dessas coisas, faz m\u00e1gica s\u00f3 com palavras. \u201d (Michelle Trevisani)<br>Para ouvir uma boa hist\u00f3ria n\u00e3o h\u00e1 idade certa. Basta apenas querer acessar e brincar no mundo da imagina\u00e7\u00e3o. Crian\u00e7a ou adulto, ao ouvir uma hist\u00f3ria, se transporta para um espa\u00e7o interno paralelo. Para muitos a personagem se materializa, para outros a voz apavora ou encanta. E voc\u00ea o que sente? Venha descobrir com a Cia Cafund\u00f3!<br>Espet\u00e1culo recheado de m\u00fasicas e hist\u00f3rias que vem l\u00e1 do Cafund\u00f3 de nosso pa\u00eds e que relembra o quanto o simples pode ser belo na hist\u00f3ria de dois compadres que v\u00eam o mundo pegar fogo; e de um menino faminto que decide fazer uma sopa de pedras; e de um anjinho que tinha a fun\u00e7\u00e3o de dar nomes \u00e0s crian\u00e7as quando elas nasciam e ainda de um menino que queria muito viajar de trem, mas ser\u00e1 que ele conseguir\u00e1?<\/p>\n","protected":false},"excerpt":{"rendered":"<p>Ol\u00e1! Sejam bem-vindos ao Menu de hist\u00f3rias da Cia Cafund\u00f3 \u2013 Contadores de Hist\u00f3rias. Aqui voc\u00ea poder\u00e1 n\u00e3o s\u00f3 conhecer um pouquinho do nosso repert\u00f3rio, bem como escolher quais hist\u00f3rias e brinquedos cantados quer levar para a sua festa. *Como funciona? *\ufeff \u00c9 bem simples! Voc\u00ea tem a op\u00e7\u00e3o de contratar at\u00e9 4 hist\u00f3rias do [&hellip;]<\/p>\n","protected":false},"author":1,"featured_media":0,"parent":0,"menu_order":0,"comment_status":"closed","ping_status":"closed","template":"","meta":[],"_links":{"self":[{"href":"https:\/\/ciacafundo.com.br\/index.php\/wp-json\/wp\/v2\/pages\/350"}],"collection":[{"href":"https:\/\/ciacafundo.com.br\/index.php\/wp-json\/wp\/v2\/pages"}],"about":[{"href":"https:\/\/ciacafundo.com.br\/index.php\/wp-json\/wp\/v2\/types\/page"}],"author":[{"embeddable":true,"href":"https:\/\/ciacafundo.com.br\/index.php\/wp-json\/wp\/v2\/users\/1"}],"replies":[{"embeddable":true,"href":"https:\/\/ciacafundo.com.br\/index.php\/wp-json\/wp\/v2\/comments?post=350"}],"version-history":[{"count":4,"href":"https:\/\/ciacafundo.com.br\/index.php\/wp-json\/wp\/v2\/pages\/350\/revisions"}],"predecessor-version":[{"id":364,"href":"https:\/\/ciacafundo.com.br\/index.php\/wp-json\/wp\/v2\/pages\/350\/revisions\/364"}],"wp:attachment":[{"href":"https:\/\/ciacafundo.com.br\/index.php\/wp-json\/wp\/v2\/media?parent=350"}],"curies":[{"name":"wp","href":"https:\/\/api.w.org\/{rel}","templated":true}]}}